factor of 1189 and 20934887?
41
Calculate the greatest common divisor of 486 and 29179926.
486
What is the highest common divisor of 57228 and 5529?
57
What is the greatest common divisor of 1 and 48612473?
1
Calculate the highest common divisor of 1362 and 1214989806.
1362
Calculate the greatest common factor of 172 and 110007244.
172
Calculate the highest common divisor of 1478880 and 486324.
2844
Calculate the greatest common factor of 367 and 603893729.
367
Calculate the greatest common divisor of 296612169 and 178.
89
What is the highest common divisor of 22 and 969385197?
11
What is the greatest common factor of 530 and 101355610?
530
Calculate the greatest common factor of 83079 and 16471181.
3077
Calculate the highest common divisor of 60450 and 6348.
6
What is the greatest common factor of 1614785 and 36285?
205
What is the greatest common divisor of 104982315 and 15?
15
What is the highest common factor of 2816816 and 48?
16
Calculate the highest common factor of 25316445 and 11436.
2859
Calculate the greatest common factor of 3865 and 35709508.
773
What is the highest common factor of 113847958 and 350?
14
Calculate the highest common factor of 16624 and 39952.
16
What is the highest common divisor of 54158003 and 669?
223
What is the greatest common factor of 5172 and 12748?
4
What is the greatest common divisor of 108 and 76754682?
54
What is the highest common factor of 91548 and 270?
18
Calculate the highest common divisor of 7502 and 360624.
22
What is the greatest common divisor of 690 and 21663930?
690
What is the highest common factor of 8382 and 1565157?
33
What is the highest common factor of 24206 and 1556974?
38
What is the greatest common factor of 2043 and 21612897?
2043
What is the highest common factor of 21142888 and 130?
26
Calculate the highest common factor of 1338992 and 1488.
16
What is the highest common factor of 1828395 and 5535?
1845
Calculate the highest common factor of 48267 and 85808.
5363
Calculate the greatest common divisor of 1540 and 38136868.
308
Calculate the highest common factor of 2371097 and 775.
31
Calculate the greatest common divisor of 2612193 and 9.
3
What is the greatest common divisor of 8169100 and 5658860?
10820
What is the highest common divisor of 102595 and 40171?
289
Calculate the highest common divisor of 1274928592 and 1171.
1171
What is the highest common divisor of 3143178 and 207?
9
Calculate the highest common factor of 122012 and 3154140.
2596
What is the greatest common divisor of 77736 and 43829?
41
What is the greatest common divisor of 30819578 and 292?
146
What is the greatest common factor of 2332183652 and 76?
76
What is the highest common divisor of 664829727 and 493?
493
What is the greatest common factor of 9660 and 20230?
70
Calculate the greatest common factor of 102 and 1755621144.
102
What is the highest common factor of 14795796 and 24?
12
Calculate the greatest common factor of 21822 and 621548752.
7274
What is the greatest common divisor of 125512 and 7424?
232
What is the highest common divisor of 154714 and 38293?
257
Calculate the highest common divisor of 17622261 and 9.
9
Calculate the greatest common factor of 32754 and 78486.
618
What is the greatest common factor of 8709673 and 1383?
461
Calculate the greatest common divisor of 43827506 and 8.
2
What is the highest common divisor of 1104257 and 462?
77
Calculate the greatest common divisor of 9125 and 2131625.
125
What is the highest common factor of 12412925 and 420?
35
Calculate the highest common divisor of 605125 and 109500.
125
Calculate the greatest common divisor of 10100375 and 500.
125
What is the highest common divisor of 12035 and 498000?
415
What is the highest common divisor of 1702 and 860731?
37
Calculate the greatest common divisor of 289288944 and 5880.
1176
What is the greatest common divisor of 1114220 and 520?
20
Calculate the highest common divisor of 24604768 and 352.
32
What is the highest common factor of 1072 and 24642332?
268
What is the highest common factor of 454682638 and 16534?
2362
What is the greatest common factor of 33573 and 513?
57
Calculate the greatest common divisor of 13971 and 106062.
3
What is the greatest common factor of 9856323 and 235?
47
Calculate the greatest common factor of 15 and 6406145.
5
Calculate the highest common divisor of 5318 and 178139705.
2659
What is the greatest common divisor of 488890008 and 15195?
3039
Calculate the highest common divisor of 482147 and 9361.
37
Calculate the greatest common factor of 8080 and 899506.
202
Calculate the greatest common factor of 473 and 415716389.
473
Calculate the highest common factor of 267107776 and 2379.
793
What is the greatest common factor of 18565632 and 544?
544
Calculate the highest common factor of 115644 and 15576.
12
What is the greatest common divisor of 161345 and 3303605?
2645
Calculate the highest common factor of 3 and 143817.
3
What is the greatest common factor of 8935 and 75888529?
1787
What is the highest common factor of 871158 and 474?
6
Calculate the greatest common factor of 9632 and 572846344.
2408
Calculate the highest common factor of 1000 and 402775.
25
Calculate the greatest common divisor of 29139095 and 1415.
1415
Calculate the highest common divisor of 1292144 and 533204.
3892
What is the greatest common factor of 22150 and 630?
10
Calculate the highest common factor of 94527 and 386277.
1167
Calculate the highest common factor of 49107915 and 30.
15
What is the highest common factor of 4794738 and 13?
13
What is the greatest common divisor of 4375224 and 70?
14
What is the highest common divisor of 3550 and 2789732?
142
What is the highest common factor of 30 and 74653890?
30
Calculate the greatest common factor of 2801776 and 274864.
656
Calculate the highest common divisor of 3367853 and 323.
17
Calculate the highest common factor of 320 and 3151190240.
160
What is the highest common divisor of 323875200 and 3300?
3300
Calculate the highest common divisor of 9365957 and 364244.
2221
Calculate the highest common divisor of 6 and 3201362.
2
What is the greatest common divisor of 298952577 and 882?
441
What is the greatest common divisor of 91 and 11351015?
13
Calculate the highest common factor of 84713004 and 1941.
1941
What is the greatest common factor of 10309264 and 147?
7
Calculate the highest common divisor of 12 and 8867814.
6
Calculate the greatest common factor of 2888 and 268272096.
2888
Calculate the highest common factor of 1572 and 179732.
524
Calculate the greatest common factor of 1707703 and 109.
109
Calculate the greatest common divisor of 51478 and 10577.
7
What is the highest common divisor of 81172 and 294360?
892
Calculate the greatest common factor of 165353 and 1145372.
4033
Calculate the greatest common factor of 91769034 and 4830.
966
Calculate the greatest common factor of 196573 and 60242.
13
What is the greatest common divisor of 38828420 and 20?
20
What is the greatest common factor of 6123 and 1102311444?
6123
Calculate the highest common divisor of 34356327 and 201.
201
Calculate the greatest common divisor of 40 and 120808090.
10
What is the greatest common divisor of 79972741 and 24236?
6059
Calculate the greatest common divisor of 21298 and 406514.
926
What is the highest common factor of 16248 and 72552?
24
What is the greatest common factor of 176 and 104102384?
16
What is the greatest common divisor of 1783845 and 361620?
2205
Calculate the highest common factor of 183588302 and 23656.
5914
Calculate the greatest common factor of 6 and 589695009.
3
What is the greatest common divisor of 35104700 and 680?
20
Calculate the greatest common divisor of 68286054 and 796.
398
What is the highest common divisor of 2749925 and 92075?
725
What is the greatest common divisor of 9504096 and 63?
21
What is the highest common factor of 92785 and 103143180?
8435
What is the greatest common divisor of 159894 and 13874?
14
What is the highest common divisor of 134 and 1532141662?
134
Calculate the greatest common factor of 136357629 and 29631.
4233
What is the highest common factor of 5034896 and 155?
31
Calculate the highest common factor of 782419590 and 90.
90
What is the highest common factor of 191927 and 82187?
59
What is the highest